alculate the remainder when 20249 is divided by 829.
353
Calculate the remainder when 3492 is divided by 1056.
324
What is the remainder when 3700 is divided by 231?
4
What is the remainder when 689840 is divided by 61?
52
What is the remainder when 4575 is divided by 480?
255
Calculate the remainder when 9894 is divided by 31.
5
Calculate the remainder when 37294 is divided by 42.
40
What is the remainder when 1741 is divided by 336?
61
Calculate the remainder when 611532 is divided by 20384.
12
Calculate the remainder when 2835 is divided by 17.
13
Calculate the remainder when 1348263 is divided by 3023.
5
Calculate the remainder when 475966 is divided by 67993.
15
What is the remainder when 1106698 is divided by 310?
308
Calculate the remainder when 80677 is divided by 77.
58
Calculate the remainder when 30739 is divided by 30739.
0
What is the remainder when 535 is divided by 31?
8
Calculate the remainder when 42656 is divided by 3524.
368
Calculate the remainder when 20165 is divided by 360.
5
Calculate the remainder when 187071 is divided by 158.
157
What is the remainder when 72122 is divided by 644?
638
What is the remainder when 1334 is divided by 11?
3
What is the remainder when 871665 is divided by 21?
18
What is the remainder when 539 is divided by 29?
17
Calculate the remainder when 4856 is divided by 1452.
500
What is the remainder when 787583 is divided by 16?
15
What is the remainder when 17815 is divided by 247?
31
Calculate the remainder when 24894 is divided by 579.
576
What is the remainder when 5221 is divided by 1400?
1021
What is the remainder when 1078274 is divided by 33?
32
What is the remainder when 53114 is divided by 454?
450
What is the remainder when 9687 is divided by 154?
139
Calculate the remainder when 199022 is divided by 124.
2
What is the remainder when 27908 is divided by 13951?
6
What is the remainder when 183 is divided by 165?
18
What is the remainder when 703406 is divided by 16?
14
What is the remainder when 1234 is divided by 189?
100
Calculate the remainder when 24964 is divided by 156.
4
Calculate the remainder when 7126 is divided by 82.
74
Calculate the remainder when 960633 is divided by 831.
828
What is the remainder when 14749 is divided by 2107?
0
Calculate the remainder when 86772 is divided by 3470.
22
What is the remainder when 198715 is divided by 9934?
35
Calculate the remainder when 7671 is divided by 51.
21
Calculate the remainder when 18957 is divided by 587.
173
What is the remainder when 1728 is divided by 564?
36
What is the remainder when 13950 is divided by 3487?
2
What is the remainder when 30339 is divided by 115?
94
What is the remainder when 15333 is divided by 30?
3
What is the remainder when 27633 is divided by 3154?
2401
What is the remainder when 8592 is divided by 367?
151
Calculate the remainder when 378621 is divided by 87.
84
What is the remainder when 16721 is divided by 3?
2
What is the remainder when 105892 is divided by 385?
17
What is the remainder when 3021619 is divided by 1910?
1909
Calculate the remainder when 3039 is divided by 323.
132
Calculate the remainder when 998782 is divided by 576.
574
Calculate the remainder when 92126 is divided by 29.
22
What is the remainder when 5188 is divided by 255?
88
What is the remainder when 486 is divided by 73?
48
What is the remainder when 9061 is divided by 16?
5
Calculate the remainder when 620199 is divided by 124039.
4
What is the remainder when 448224 is divided by 39?
36
What is the remainder when 26264 is divided by 3281?
16
What is the remainder when 493 is divided by 130?
103
Calculate the remainder when 8954 is divided by 299.
283
Calculate the remainder when 4329 is divided by 329.
52
What is the remainder when 4461 is divided by 494?
15
Calculate the remainder when 273153 is divided by 51.
48
Calculate the remainder when 45832 is divided by 128.
8
Calculate the remainder when 5877 is divided by 420.
417
Calculate the remainder when 1163 is divided by 167.
161
What is the remainder when 119023 is divided by 96?
79
Calculate the remainder when 373372 is divided by 64.
60
What is the remainder when 616 is divided by 91?
70
Calculate the remainder when 1085234 is divided by 126.
122
Calculate the remainder when 8596 is divided by 344.
340
Calculate the remainder when 44984 is divided by 818.
812
Calculate the remainder when 1362 is divided by 1091.
271
Calculate the remainder when 7316 is divided by 3569.
178
Calculate the remainder when 24266 is divided by 30.
26
Calculate the remainder when 30723 is divided by 7644.
147
What is the remainder when 6374 is divided by 170?
84
What is the remainder when 95685 is divided by 95647?
38
What is the remainder when 4935 is divided by 1927?
1081
What is the remainder when 46623 is divided by 8?
7
What is the remainder when 114372 is divided by 28588?
20
What is the remainder when 1480 is divided by 414?
238
What is the remainder when 12922 is divided by 4303?
13
What is the remainder when 1884 is divided by 95?
79
Calculate the remainder when 168614 is divided by 827.
733
Calculate the remainder when 2208378 is divided by 543.
540
Calculate the remainder when 5680 is divided by 1892.
4
What is the remainder when 10697 is divided by 8862?
1835
Calculate the remainder when 348904 is divided by 71.
10
Calculate the remainder when 710 is divided by 28.
10
What is the remainder when 23479 is divided by 118?
115
What is the remainder when 3453758 is divided by 160?
158
Calculate the remainder when 89780 is divided by 1995.
5
What is the remainder when 486 is divided by 256?
230
Calculate the remainder when 1550 is divided by 173.
166
What is the remainder when 214300 is divided by 961?
958
Calculate the remainder when 190725 is divided by 94.
93
What is the remainder when 525817 is divided by 1498?
19
Calculate the remainder when 76320 is divided by 40.
0
What is the remainder when 2715404 is divided by 905132?
8
Calculate the remainder when 35910 is divided by 1563.
1524
Calculate the remainder when 15492 is divided by 4.
0
Calculate the remainder when 60897 is divided by 350.
347
Calculate the remainder when 15070 is divided by 7528.
14
Calculate the remainder when 61878 is divided by 296.
14
What is the remainder when 118007 is divided by 16858?
1
Calculate the remainder when 86247 is divided by 250.
247
Calculate the remainder when 1619816 is divided by 263.
262
Calculate the remainder when 80322 is divided by 35.
32
Calculate the remainder when 6763 is divided by 308.
295
What is the remainder when 504 is divided by 240?
24
What is the remainder when 16138 is divided by 16091?
47
Calculate the remainder when 2177 is divided by 668.
173
What is the remainder when 115095 is divided by 1308?
1299
What is the remainder when 53109 is divided by 354?
9
Calculate the remainder when 1076000 is divided by 41.
37
Calculate the remainder when 639 is divided by 367.
272
Calculate the remainder when 17470 is divided by 1747.
0
What is the remainder when 2879 is divided by 222?
215
What is the remainder when 7643 is divided by 116?
103
Calculate the remainder when 24942 is divided by 24904.
38
Calculate the remainder when 100142 is divided by 36.
26
Calculate the remainder when 124115 is divided by 41.
8
Calculate the remainder when 54835 is divided by 3046.
7
What is the remainder when 294670 is divided by 8?
6
Calculate the remainder when 8367 is divided by 3859.
649
Calculate the remainder when 12708 is divided by 12689.
19
Calculate the remainder when 722 is divided by 90.
2
What is the remainder when 1121 is divided by 218?
31
What is the remainder when 346708 is divided by 937?
18
Calculate the remainder when 101685 is divided by 27.
3
Calculate the remainder when 25360 is divided by 11.
5
What is the remainder when 1345 is divided by 333?
13
What is the remainder when 344847 is divided by 22?
19
Calculate the remainder when 19412 is divided by 50.
12
What is the remainder when 5686 is divided by 1404?
70
What is the remainder when 4815 is divided by 27?
9
What is the remainder when 1219 is divided by 92?
23
What is the remainder when 8854 is divided by 886?
880
Calculate the remainder when 4396 is divided by 1462.
10
Calculate the remainder when 223100 is divided by 16.
